{"id":1242,"date":"2012-10-26T09:38:21","date_gmt":"2012-10-26T12:38:21","guid":{"rendered":"http:\/\/www.somatick.com.br\/?page_id=1242"},"modified":"2021-09-28T15:06:01","modified_gmt":"2021-09-28T18:06:01","slug":"prevencao-combate-incendio","status":"publish","type":"page","link":"https:\/\/www.somatick.com.br\/site\/treinamentos\/prevencao-combate-incendio\/","title":{"rendered":"<!--:pt-->Preven\u00e7\u00e3o e Combate a Inc\u00eandio<!--:--><!--:en-->Prevention and Fire Fighting<!--:-->"},"content":{"rendered":"\t\t<div data-elementor-type=\"wp-page\" data-elementor-id=\"1242\" class=\"elementor elementor-1242\">\n\t\t\t\t\t\t<section class=\"elementor-section elementor-top-section elementor-element elementor-element-413e28c5 elementor-section-boxed elementor-section-height-default elementor-section-height-default\" data-id=\"413e28c5\" data-element_type=\"section\" data-e-type=\"section\">\n\t\t\t\t\t\t<div class=\"elementor-container elementor-column-gap-default\">\n\t\t\t\t\t<div class=\"elementor-column elementor-col-100 elementor-top-column elementor-element elementor-element-66f68615\" data-id=\"66f68615\" data-element_type=\"column\" data-e-type=\"column\">\n\t\t\t<div class=\"elementor-widget-wrap elementor-element-populated\">\n\t\t\t\t\t\t<div class=\"elementor-element elementor-element-1a4045a1 elementor-widget elementor-widget-text-editor\" data-id=\"1a4045a1\" data-element_type=\"widget\" data-e-type=\"widget\" data-widget_type=\"text-editor.default\">\n\t\t\t\t<div class=\"elementor-widget-container\">\n\t\t\t\t\t\t\t\t\t<!--:pt--><img decoding=\"async\" data-attachment-id=\"5745\" data-permalink=\"https:\/\/www.somatick.com.br\/site\/treinamentos\/prevencao-combate-incendio\/electicity\/\" data-orig-file=\"https:\/\/www.somatick.com.br\/site\/wp-content\/uploads\/2012\/10\/electicity.png\" data-orig-size=\"79,65\" data-comments-opened=\"0\" data-image-meta=\"{&quot;aperture&quot;:&quot;0&quot;,&quot;credit&quot;:&quot;&quot;,&quot;camera&quot;:&quot;&quot;,&quot;caption&quot;:&quot;&quot;,&quot;created_timestamp&quot;:&quot;0&quot;,&quot;copyright&quot;:&quot;&quot;,&quot;focal_length&quot;:&quot;0&quot;,&quot;iso&quot;:&quot;0&quot;,&quot;shutter_speed&quot;:&quot;0&quot;,&quot;title&quot;:&quot;&quot;}\" data-image-title=\"electicity\" data-image-description=\"\" data-image-caption=\"\" data-large-file=\"https:\/\/www.somatick.com.br\/site\/wp-content\/uploads\/2012\/10\/electicity.png\" class=\"size-full wp-image-5745 alignleft\" src=\"http:\/\/www.somatick.com.br\/site\/wp-content\/uploads\/2012\/10\/electicity.png\" alt=\"electicity\" width=\"79\" height=\"65\" \/>\n\n<!--:-->\t\t\t\t\t\t\t\t<\/div>\n\t\t\t\t<\/div>\n\t\t\t\t\t<\/div>\n\t\t<\/div>\n\t\t\t\t\t<\/div>\n\t\t<\/section>\n\t\t\t\t<\/div>\n\t\t","protected":false},"excerpt":{"rendered":"","protected":false},"author":1,"featured_media":0,"parent":761,"menu_order":8,"comment_status":"closed","ping_status":"closed","template":"","meta":{"_joinchat":[],"footnotes":""},"class_list":["post-1242","page","type-page","status-publish","hentry"],"jetpack_shortlink":"https:\/\/wp.me\/Ph7gUA-k2","jetpack-related-posts":[],"jetpack_sharing_enabled":true,"_links":{"self":[{"href":"https:\/\/www.somatick.com.br\/site\/wp-json\/wp\/v2\/pages\/1242","targetHints":{"allow":["GET"]}}],"collection":[{"href":"https:\/\/www.somatick.com.br\/site\/wp-json\/wp\/v2\/pages"}],"about":[{"href":"https:\/\/www.somatick.com.br\/site\/wp-json\/wp\/v2\/types\/page"}],"author":[{"embeddable":true,"href":"https:\/\/www.somatick.com.br\/site\/wp-json\/wp\/v2\/users\/1"}],"replies":[{"embeddable":true,"href":"https:\/\/www.somatick.com.br\/site\/wp-json\/wp\/v2\/comments?post=1242"}],"version-history":[{"count":25,"href":"https:\/\/www.somatick.com.br\/site\/wp-json\/wp\/v2\/pages\/1242\/revisions"}],"predecessor-version":[{"id":10224,"href":"https:\/\/www.somatick.com.br\/site\/wp-json\/wp\/v2\/pages\/1242\/revisions\/10224"}],"up":[{"embeddable":true,"href":"https:\/\/www.somatick.com.br\/site\/wp-json\/wp\/v2\/pages\/761"}],"wp:attachment":[{"href":"https:\/\/www.somatick.com.br\/site\/wp-json\/wp\/v2\/media?parent=1242"}],"curies":[{"name":"wp","href":"https:\/\/api.w.org\/{rel}","templated":true}]}}