{"id":1088,"date":"2012-10-24T13:20:44","date_gmt":"2012-10-24T16:20:44","guid":{"rendered":"http:\/\/www.somatick.com.br\/?page_id=1088"},"modified":"2021-09-28T15:05:36","modified_gmt":"2021-09-28T18:05:36","slug":"qualificacao-profissional","status":"publish","type":"page","link":"https:\/\/www.somatick.com.br\/site\/treinamentos\/qualificacao-profissional\/","title":{"rendered":"<!--:de-->Qualifica\u00e7\u00e3o Profissional<!--:--><!--:en-->Professional Qualification<!--:--><!--:zh-->Qualifica\u00e7\u00e3o Profissional<!--:--><!--:pt-->Qualifica\u00e7\u00e3o Profissional<!--:-->"},"content":{"rendered":"\t\t<div data-elementor-type=\"wp-page\" data-elementor-id=\"1088\" class=\"elementor elementor-1088\">\n\t\t\t\t\t\t<section class=\"elementor-section elementor-top-section elementor-element elementor-element-137d5164 elementor-section-boxed elementor-section-height-default elementor-section-height-default\" data-id=\"137d5164\" data-element_type=\"section\" data-e-type=\"section\">\n\t\t\t\t\t\t<div class=\"elementor-container elementor-column-gap-default\">\n\t\t\t\t\t<div class=\"elementor-column elementor-col-100 elementor-top-column elementor-element elementor-element-56a4aa47\" data-id=\"56a4aa47\" data-element_type=\"column\" data-e-type=\"column\">\n\t\t\t<div class=\"elementor-widget-wrap elementor-element-populated\">\n\t\t\t\t\t\t<div class=\"elementor-element elementor-element-3f533f95 elementor-widget elementor-widget-text-editor\" data-id=\"3f533f95\" data-element_type=\"widget\" data-e-type=\"widget\" data-widget_type=\"text-editor.default\">\n\t\t\t\t<div class=\"elementor-widget-container\">\n\t\t\t\t\t\t\t\t\t<!--:pt--><img decoding=\"async\" data-attachment-id=\"5747\" data-permalink=\"https:\/\/www.somatick.com.br\/site\/treinamentos\/qualificacao-profissional\/icon3-2\/\" data-orig-file=\"https:\/\/www.somatick.com.br\/site\/wp-content\/uploads\/2012\/10\/icon3.png\" data-orig-size=\"85,85\" data-comments-opened=\"0\" data-image-meta=\"{&quot;aperture&quot;:&quot;0&quot;,&quot;credit&quot;:&quot;&quot;,&quot;camera&quot;:&quot;&quot;,&quot;caption&quot;:&quot;&quot;,&quot;created_timestamp&quot;:&quot;0&quot;,&quot;copyright&quot;:&quot;&quot;,&quot;focal_length&quot;:&quot;0&quot;,&quot;iso&quot;:&quot;0&quot;,&quot;shutter_speed&quot;:&quot;0&quot;,&quot;title&quot;:&quot;&quot;}\" data-image-title=\"icon3\" data-image-description=\"\" data-image-caption=\"\" data-large-file=\"https:\/\/www.somatick.com.br\/site\/wp-content\/uploads\/2012\/10\/icon3.png\" class=\"size-full wp-image-5747 alignleft\" src=\"http:\/\/www.somatick.com.br\/site\/wp-content\/uploads\/2012\/10\/icon3.png\" alt=\"icon3\" width=\"85\" height=\"85\" \/>\n\n<!--:-->\t\t\t\t\t\t\t\t<\/div>\n\t\t\t\t<\/div>\n\t\t\t\t\t<\/div>\n\t\t<\/div>\n\t\t\t\t\t<\/div>\n\t\t<\/section>\n\t\t\t\t<\/div>\n\t\t","protected":false},"excerpt":{"rendered":"","protected":false},"author":1,"featured_media":0,"parent":761,"menu_order":10,"comment_status":"closed","ping_status":"closed","template":"","meta":{"_joinchat":[],"footnotes":""},"class_list":["post-1088","page","type-page","status-publish","hentry"],"jetpack_shortlink":"https:\/\/wp.me\/Ph7gUA-hy","jetpack-related-posts":[],"jetpack_sharing_enabled":true,"_links":{"self":[{"href":"https:\/\/www.somatick.com.br\/site\/wp-json\/wp\/v2\/pages\/1088","targetHints":{"allow":["GET"]}}],"collection":[{"href":"https:\/\/www.somatick.com.br\/site\/wp-json\/wp\/v2\/pages"}],"about":[{"href":"https:\/\/www.somatick.com.br\/site\/wp-json\/wp\/v2\/types\/page"}],"author":[{"embeddable":true,"href":"https:\/\/www.somatick.com.br\/site\/wp-json\/wp\/v2\/users\/1"}],"replies":[{"embeddable":true,"href":"https:\/\/www.somatick.com.br\/site\/wp-json\/wp\/v2\/comments?post=1088"}],"version-history":[{"count":16,"href":"https:\/\/www.somatick.com.br\/site\/wp-json\/wp\/v2\/pages\/1088\/revisions"}],"predecessor-version":[{"id":10221,"href":"https:\/\/www.somatick.com.br\/site\/wp-json\/wp\/v2\/pages\/1088\/revisions\/10221"}],"up":[{"embeddable":true,"href":"https:\/\/www.somatick.com.br\/site\/wp-json\/wp\/v2\/pages\/761"}],"wp:attachment":[{"href":"https:\/\/www.somatick.com.br\/site\/wp-json\/wp\/v2\/media?parent=1088"}],"curies":[{"name":"wp","href":"https:\/\/api.w.org\/{rel}","templated":true}]}}